r?
False
Suppose -4*j - 5*x = 30, 12 = -2*j - 2*x + x. Let r(v) be the first derivative of -20*v**2 + 5*v + 2. Is r(j) a prime number?
False
Suppose -9 = u - 3*p, -4*u + 4*p = 5 + 7. Suppose u*s = 2*w + 3*s - 623, 0 = 3*w + 2*s - 947. Is w composite?
True
Let s = 7326 - 10904. Is (0 - s/4)/(3/18) a composite number?
True
Let k(m) = 2487*m - 83. Is k(18) a prime number?
True
Suppose 0 = 4*f + 5*u - 33 - 16, 13 = f + 2*u. Suppose 16*d - 7025 = f*d. Is d a composite number?
True
Suppose 3*s = 184 + 206. Suppose -v = -5*v + 5*x + 716, -2*x = 3*v - 560. Suppose v + s = 2*o. Is o a prime number?
True
Let o be 5 + 4*(-2)/4. Let z = 40 - 33. Suppose o*j - 85 = -z. Is j a prime number?
False
Let j = -120 + 317. Suppose -j - 180 = -w. Suppose -4*y - 3*a = -739, 3*y - a = y + w. Is y prime?
False
Let z(k) = 29*k**2 - 6*k + 9. Let f = 2 - -5. Let n be z(f). Is (n/12)/((-1)/(-3)) a composite number?
False
Let a = -41 - -36. Let c = a + 3. Is 2 + (c/(-2) - -304) prime?
True
Let g = 25 + -10. Suppose 2*u - 7*u - g = 0. Is 888 + 2*u/(-6) a prime number?
False
Let s = 16053 - 9284. Is s composite?
True
Suppose 5*i - 7 = -z, -44 = -2*z - 2*i - 2*i. Suppose -27*d + z*d - 5305 = 0. Is d a prime number?
True
Let h(f) be the third derivative of -1/12*f**5 - 2*f**3 + 1/120*f**6 + 14*f**2 + 0 + 0*f - 11/24*f**4. Is h(9) a prime number?
False
Let s(h) = 51*h**2 + h + 10. Let g(k) = -10*k**2 - 2. Let v(j) = -11*g(j) - 2*s(j). Let r be v(-3). Suppose t - r - 167 = 0. Is t a composite number?
True
Suppose -1143 - 396 = -3*g. Suppose -5*n = -282 - g. Suppose -2*d - 25 + n = 0. Is d a prime number?
True
Suppose -z + 4*z + 111 = 0. Let d = 116 + -19. Let p = d - z. Is p composite?
True
Let o = -48 - -419. Is o a prime number?
False
Let c = -48 - -52. Suppose 0*b - 8713 = -c*r - 5*b, -2*r = -2*b - 4352. Is r prime?
False
Is -8 - (-4)/12*37551 a prime number?
False
Let i(w) = -w**3 - 26*w**2 - 8*w - 12. Is i(-29) a composite number?
True
Let u(p) = -2864*p**3 + p. Let i be 4/(-7) + (-33)/77. Is u(i) composite?
True
Let r = -150 - -152. Suppose 25 - 99 = -r*w. Is w composite?
False
Let t be (-1 - 0)/(((-21)/12)/7). Suppose 3*p = -t*l + 10841, -4*p - 1486 = l - 15919. Is p prime?
True
Let c be (-1)/(9/348*6/(-279)). Is ((-2)/13 - 0) + c/26 a prime number?
False
Let s = -114 - -28. Let m = -28 - s. Is m composite?
True
Let h(c) = 29*c**2 - 44*c - 94. Is h(-21) composite?
False
Let p(q) = q**3 + 6*q**2 - 5. Let h be p(-6). Let v(c) be the first derivative of -17*c**2/2 - 2*c + 1. Is v(h) composite?
False
Let v(s) = -s**2 + 3*s + 3. Let p be v(-3). Let q = p - -12. Is (q - 368/(-12))*6 a composite number?
True
Let l(w) = 9*w**2 - 3*w - 11. Let i(m) = -m**3 - 3*m**2 - 4*m - 4. Let t be i(-3). Is l(t) prime?
True
Let c be 5 - (-4)/(-2) - -3. Let v(i) = 15*i**2 - 7*i - 11. Let w(z) = 14*z**2 - 8*z - 12. Let s(g) = 3*v(g) - 2*w(g). Is s(c) a prime number?
False
Suppose 23*n = 18*n + 25295. Is n composite?
False
Is (0 - (-3 - -2))/(5/137545) a composite number?
False
Let a(b) = -b**3 - 2*b**2 + 3*b + 2. Let n be a(-3). Suppose n*r - r - 5 = 0, 245 = o - 4*r. Suppose 6*p = p + o. Is p a composite number?
False
Suppose 165725 = 48*b - 6451. Is b a composite number?
True
Suppose a = -4*q + 297, 5*a - 3*a + q = 594. Let d(i) = i**3 + 9*i**2 - i - 7. Let c be d(-9). Suppose -3*g + 498 = 3*v, c*g - a = v + 4*v. Is g composite?
True
Let k(u) = u**3 - 24*u**2 - 51*u + 77. Is k(27) prime?
True
Suppose -2*p - 7 = -3*p. Suppose -x - 52 = p. Is x/4*(-2 + -2) composite?
False
Let l(m) = -m - 6. Let f = -15 + 7. Let s be l(f). Is 7 - -213 - (-1 + s) a composite number?
True
Suppose 5*k - 1848 = -3*z + 3106, -2*z = 4*k - 3302. Is 4 + z - (-1 - -1) composite?
False
Let d(x) = -x + 9. Let h be d(-8). Let b = h + -17. Suppose -2*z + b*z + 5*r = -269, 2*r = -5*z + 629. Is z prime?
True
Is (-19792)/(-6) - (-10)/30 a prime number?
True
Suppose -5*m - 18*s + 13*s = -6320, -2*m = -3*s - 2503. Is m composite?
False
Let z = 36774 + -21532. Is z a composite number?
True
Let i = -36 + 59. Let x = i - 21. Suppose -x*u + 3*v - 1204 = -4*u, 4*u - 5*v = 2386. Is u a composite number?
False
Let m(c) = 2*c**3 - 22*c**2 + 52*c - 9. Is m(20) a prime number?
True
Suppose 6*v + 1791 = 9*v. Suppose -d + v = -4*y, -4*d + 2963 = d + 2*y. Is d a composite number?
False
Suppose -3*g + 749 = 1865. Let y be (-7502)/12 - (1/(-6))/1. Let x = g - y. Is x composite?
True
Is 4/(4/166*1) composite?
True
Let a be 3/18 - (-1 + (-7)/(-6)). Suppose a = 5*i + 5*f - 2205, 2*i - 3*f + 2*f - 870 = 0. Is i a composite number?
True
Let f be (1 - -1) + 2/(-1). Let m be -4*(191/(-4) - f). Let c = m + -12. Is c prime?
True
Let r be 1254 + 2/(6/(-9)). Let w be (85/51)/(1/r). Let m = w - 1100. Is m composite?
True
Suppose -8*j + 6 = -5*j. Let y be (2 - 1)/((-1)/j). Is y + (663/3 - 0) composite?
True
Let i = -324 - -1383. Is i composite?
True
Is (-2)/8 + (-47868)/(-48) a composite number?
False
Suppose 6 = 10*w - 7*w. Suppose w*y + j - 2136 + 430 = 0, 0 = -5*j + 20. Is y composite?
True
Let h(o) = o**3 + 19*o**2 - 2*o + 16. Let i be h(-19). Let s = 31 + i. Is s a prime number?
False
Let l(i) be the third derivative of i**8/3360 - i**7/1680 - i**6/360 + i**5/60 - i**2. Let k(m) be the third derivative of l(m). Is k(-1) prime?
True
Suppose -4095 = y - 6*y. Let g = 431 - y. Is 3/(-3*4/g) a prime number?
True
Let k(t) = 4*t**2 - 10*t + 40. Let r be k(9). Suppose -d - r = -2*d. Is d prime?
False
Suppose 2 = -h, -o + 48*h - 52*h + 53223 = 0. Is o a composite number?
False
Let i(s) = -s**3 - 10*s**2 + 3*s - 5. Suppose y - 7*y - 66 = 0. Is i(y) prime?
True
Let f be -1 + (3 - 3) + 2. Let c be 12 + -11 - (f - -1). Is ((-2)/(-2))/(c/(-191)) a composite number?
False
Let j(a) = -37*a**3. Let g be (-3)/4 - 6/24. Is j(g) a prime number?
True
Let r(n) = -n**2 - 15*n + 22. Let g be r(-16). Suppose -2*v = g*v - 112. Is v a composite number?
True
Let i(a) = -7*a**3 - 13*a**2 - 6*a - 17. Is i(-9) a composite number?
True
Suppose 112*k - 115*k + 32919 = 0. Is k composite?
False
Let l = 24 - 16. Let f be l*(-2 - 20/(-8)). Suppose -4*x + 275 = -j + f*j, -435 = -5*j + 5*x. Is j prime?
True
Suppose 19794 = 4*s + 2*y, 4*s - 5*s + 5*y + 4921 = 0. Is s composite?
True
Suppose 140691 = -16*k + 808483. Is k a composite number?
False
Let x = -30 + 34. Suppose -x*p = p - 10. Suppose -p*k = -0*k - 854. Is k prime?
False
Suppose 34*l - 8823 = 126803. Is l a composite number?
False
Let s(p) = -2092*p + 43. Is s(-2) a composite number?
True
Suppose -c + 17050 = -3*a - 0*a, 0 = -5*c - a + 85298. Is c a prime number?
False
Suppose 0 = 2*v - 5*m - 96059, 37321 = -5*v + 5*m + 277431. Is v composite?
False
Let x = -195 + 361. Let w = x + -53. Is w composite?
False
Let y = 5 + -3. Is 4/8*(y - -1032) a prime number?
False
Let g(q) = 3210*q + 943. Is g(8) a composite number?
True
Let i(x) = x + 16. Let k be i(-13). Let w(s) = s**2 - s - 3. Let h be w(k). Suppose -65 = -h*f + 2*t, -f = -2*f - 3*t + 40. Is f prime?
False
Suppose -2*a = 2*t + 256 + 74, 5*a + 489 = -3*t. Let j = -41 - t. Is j a composite number?
False
Let p = 1182 - 2569. Let y = 2924 + p. Is y prime?
False
Suppose -10*n + 26550 = -5*n. Suppose -n = -2*h + 4*i - 944, 5*h = 5*i + 10905. Is h a composite number?
False
Let i(r) = r**2 - 4*r + 3. Let d be i(3). Suppose d*n = -n + 3*m + 102, 0 = -4*n + 4*m + 432. Is n prime?
False
Is (-1 - 21/9)/((-6)/11943) composite?
True
Suppose -3*h = 2*s - 7, h + 8 = 2*s + 5*h. Suppose 0*y + s*y - 998 = 0. Is y a composite number?
False
Let s(z) be the first derivative of -8 + 73/2*z**2 + 6*z. Is s(5) composite?
True
Let i be (4/(20/3335))/1. Suppose -59*k - i = -60*k. Is k a prime number?
False
Suppose z + 3*h - 12 = 0, -4*z - h = -5*h + 16. Suppose -k + 3 = -z. Suppose 4*x - 1202 = -k*p, 7*x - 1520 = 2*x + 5*p. Is x a composite number?
True
Let z = -3286 - -9251. Is z prime?
False
Suppose t + 1 = -k - 0*t, 5*t = -3*k - 9. Suppose -2*f - 140 = -m - 21, 0 = 4*m - k*f - 458. Is m prime?
True
Let y(q) = -q**2 + 5*q - 32. Let s(b) = -b - 1. Let l(w) = -5*s(w) - y(w). Is l(16) a prime number?
True
Let z = 26 - 17. Let j = z + 512. Is j composite?
False
Suppose -f - 4*o = 4*f - 4, 2*f + 3 = 3*o. Let p(n) = -n**3 - 5*n**2 - 8*n. Let b be p(-7). Suppose -u - u + b = f. Is u prime?
False
Let r = -39